0*c. List the prime factors of c.
2, 53
Suppose 0 = -7*k + 2*k - 5. Let u be (-1)/(-1) - (-8 - k - -5). Suppose 107 = -u*b + 638. List the prime factors of b.
3, 59
Suppose 101726 = -41*g + 364126. What are the prime factors of g?
2, 5
Let c(n) = n**3 - 5*n**2 + n. Let f be c(5). Suppose 7*s = -f*r + 5*s + 3021, 6 = 2*s. What are the prime factors of r?
3, 67
Let g be (2/6)/((-7)/21). Let x be (37 - (g - 0)) + -2. Suppose z - x = -z. List the prime factors of z.
2, 3
Let f(j) = -9*j**2 + 77*j - 9. Let x be 1/2 + 378/108. List the prime factors of f(x).
5, 31
Suppose 117*u = 28*u + 775190. What are the prime factors of u?
2, 5, 13, 67
Let m(f) = f**3 - 10*f**2 - 25*f + 20. Let b be m(12). Suppose 0 = 7*r - 7*r - b*r. Suppose l - 1 = r, 2*l - 42 = -4*z + 4. What are the prime factors of z?
11
Let j(i) = -22*i + 22. Let a be j(6). Let d = -106 - a. List the prime factors of 1 + 41 - d/(-1).
2, 23
Let b(j) = j**3 + 12*j**2 + 2*j + 27. Let l be b(-12). What are the prime factors of -3 - (-18 + l + 5)?
7
Let z be (1*-3)/((-18)/1488). Suppose 4*j - 4*w + z = 0, 4*w = 4*j - 3*j + 59. List the prime factors of (-4361)/j + 6/(-27).
3, 23
Let p be 4 + -6*(6 - 7). Suppose 12*n - 2524 = p*n. List the prime factors of n.
2, 631
Suppose 0 = -25*u + 31*u - 24. Let c(y) be the third derivative of y**5/15 + y**4/12 - y**3/6 - y**2. What are the prime factors of c(u)?
71
Suppose -5*f + 345 = -4*z - 0*f, 0 = -5*z + 2*f - 427. Let j(a) = -23*a - 11. Let u be j(9). Let i = z - u. What are the prime factors of i?
7, 19
Let h be (-2)/(4/(-24) + 0). Let m(l) = l**3 - 12*l**2 + l - 15. Let n be m(h). List the prime factors of (-1)/n + (-52)/(-6).
3
Let s = 11647 + -10132. List the prime factors of s.
3, 5, 101
Suppose 2*m = -2*m + 20*m. Suppose 342*d - 335*d - 5614 = m. What are the prime factors of d?
2, 401
Suppose 3*f - 13797 = 3*u, 76*f - 80*f + 3*u = -18394. List the prime factors of f.
4597
Let q = 26 - 21. Let h(c) = q + 8*c + 5*c + 3*c. What are the prime factors of h(6)?
101
Let l = 30713 + -5964. Suppose -82162 = -63*y + l. List the prime factors of y.
1697
Let d(f) = 200*f - 5090. What are the prime factors of d(81)?
2, 5, 11, 101
Let b = -596 + 620. Let g(v) = v**2 - 23*v - 8. List the prime factors of g(b).
2
Let t(j) = 16*j**2 + 26*j + 203. Suppose -40 = 4*w - 3*h, 34 = -2*w + 5*h - 0. List the prime factors of t(w).
5, 7, 23
Let t = -105 + 159. Suppose -q = q - t. Suppose 35 = 2*a + a - 4*b, 0 = 2*a + b - q. What are the prime factors of a?
13
Let x(p) = -5*p**2 + 30*p + 1. Let v be x(6). Let g be ((1 - 1) + v)*(168 + 4). Suppose -g - 348 = -5*r. List the prime factors of r.
2, 13
Suppose -16*k = -23*k + 4053. Suppose -12*a + 8*a - 4*p = -2364, -5*p = a - k. List the prime factors of a.
2, 3, 11
List the prime factors of 33/(-9)*12*7806/(-24).
11, 1301
Suppose -f = -2*p - 3392, -169*f + 4*p = -172*f + 10216. List the prime factors of f.
2, 5, 17
Let o(p) = 67*p**3 - 6*p**2 + 19*p + 155. What are the prime factors of o(9)?
89, 547
Let x(o) be the first derivative of o**4/4 + 5*o**3/3 + 2*o**2 - 2*o - 26. Let n be x(-4). What are the prime factors of 604/6*(-3)/n?
151
Let m = -42849 - -73419. List the prime factors of m.
2, 3, 5, 1019
Let r = -171 + 190. Suppose -16*j = -r*j + 333. What are the prime factors of j?
3, 37
Suppose 0 = -3*x + 27 + 9. Let v(k) = 3181*k + 25 + 10 - 3180*k. List the prime factors of v(x).
47
Let x(m) be the first derivative of -m**3 - 40 + 230*m - 1/2*m**2. List the prime factors of x(0).
2, 5, 23
Let u be (-3)/9 + 200/(-12) + 5. Let m be (-53)/(2/u + 4/(-12)). What are the prime factors of 0 + 1 + -3 + 0 + m?
2, 13
Let r = 754 - 745. Let h(p) = -2*p**2 + 18*p + 38. List the prime factors of h(r).
2, 19
Suppose 0 = -d - 4, 3*l - 17 = -0*l + 2*d. Let q(w) = 4*w**2 + 5 + 9*w + 9 - l*w**2 + 0*w**2. What are the prime factors of q(-9)?
2, 7
Let m = -115 + -217. Let t = m - -486. What are the prime factors of t?
2, 7, 11
Let j be -2 + 9 + 0 + -2. Let s(g) = -g**3 + 12*g**2 - 8*g + 2. Let i be s(8). Suppose 3*p + i = 2*f + 3*f, -j*f - 4*p = -208. List the prime factors of f.
2, 5
Suppose -z - 101700 = -3*j, 5*j = -48*z + 44*z + 169483. List the prime factors of j.
109, 311
Suppose 0 = 2*w + 20*a - 25*a - 14087, w + a = 7033. List the prime factors of w.
2, 1759
Let s(f) = -65*f + 209. Let b be s(-5). Let j = -435 + b. What are the prime factors of j?
3, 11
Let g(v) be the second derivative of -v**3/3 + 51*v**2/2 + 24*v. Let j be g(24). Suppose 5*u = -j*n - 0*u + 375, 2*n + 5*u = 255. List the prime factors of n.
2, 3, 5
Let x(o) = 15*o - 29. Let r be x(4). Suppose 3*c + r = 4*t + 78, 3*t + 3*c = -51. What are the prime factors of (-215 + 1)/(7/(t + 7))?
2, 107
Let d be (12/(-4) - -2)*-29. Let i = -24 + d. Suppose 2*q + i*f + 12 - 140 = 0, 77 = q - 4*f. List the prime factors of q.
3, 23
Let b(g) = -8*g**3 + 47*g**2 + 8*g - 10. Let j be b(6). Suppose -1157 = -3*o - j*r, -7*r = -3*o - 2*r + 1192. What are the prime factors of o?
389
Let n be (24/(-9))/(-4) - 160/6. Let k be (54/13 - 4) + 123088/n. List the prime factors of (-3)/7 - k/21.
3, 5
Suppose 0 = -i + 5*y - 1002 - 3398, -3*y = 0. What are the prime factors of (1 + 6/(-4))/(44/i)?
2, 5
Let v(s) = -s**3 - 12*s**2 - 31*s + 12. Let b be v(-8). Suppose -b*m + 16*m - 8076 = 0. List the prime factors of m.
673
Let r = 475 + -465. Suppose 0 = r*f - 15*f + 3975. List the prime factors of f.
3, 5, 53
Suppose 3*b - 3*g = -g + 1104, -3*g - 731 = -2*b. Let q = -244 + b. Let i = q + -89. List the prime factors of i.
37
Suppose r + 3*i - 31 = -2*i, -3*r - 3*i = -33. Suppose -9*s + 5520 = r*s. List the prime factors of s.
2, 23
Suppose 134*d - 589971 = 201701. What are the prime factors of d?
2, 7, 211
Let z(c) = 48*c - 383. Let u be z(8). Suppose 5*g - 442 - 838 = -5*r, -3*g - 4*r + 770 = 0. List the prime factors of (u - 9/6)/((-1)/g).
127
Suppose 3*x = -4*b + 56305, b + 130*x = 128*x + 14075. What are the prime factors of b?
7, 2011
Suppose 0 = -3*o - 3*x + 28752, -14311 = -4*o + 14*x + 24007. What are the prime factors of o?
7, 37
Let i = -31840 + 37476. What are the prime factors of i?
2, 1409
Suppose -3*r + 16376 = -r - 3*p, 0 = r - p - 8189. What are the prime factors of r?
8191
List the prime factors of (-25015938)/(-1833) - (-6)/13.
2, 853
Suppose 3474 = -19*a + 15240 + 91347. What are the prime factors of a?
3, 67
Let b(t) = -12*t**3 - t**2 + 13*t - 60. List the prime factors of b(-10).
2, 5, 1171
Suppose -o + 47569 - 7322 = -4*r, 0 = 5*o + 2*r - 201125. What are the prime factors of o?
3, 11, 23, 53
Let g be 948/11 - 6/33. Suppose -4 = 84*w - g*w. Suppose -j = 2*u - 194, 6*j - w*j - u = 758. What are the prime factors of j?
2, 5, 19
What are the prime factors of (4/(-6))/(39/(-524511))?
2, 4483
Let k(u) = u**3 - 31*u**2 - 32*u + 8. Let n be k(32). Let m(p) = 8*p**2 - 3*p - 11. List the prime factors of m(n).
3, 53
Let u(w) = -w**3 - 2*w**2 + 7*w + 6. Let o be u(-4). Suppose 4*k = -5*i - 105, 0 = -k - 2*k + 15. What are the prime factors of i/10*(-404)/o?
101
Let f(w) = 590*w - 48. Let j be f(2). Suppose -3*l + 2794 = j. List the prime factors of l.
2, 277
Let t = 254 - 252. Suppose 0 = -4*i - t*q + 1238, -6*i + 4*i + 5*q + 601 = 0. What are the prime factors of i?
2, 7, 11
Suppose -4812*q - 14398 = -x - 4809*q, 2*q + 71925 = 5*x. List the prime factors of x.
19, 757
Let f(l) = l**3 + 10*l**2 + 7*l - 16. Let y be f(-9). Suppose 0 = -y*w + 2*o + 110, -111 - 62 = -3*w + 5*o. List the prime factors of w.
3, 17
Let d be 5580/(-40)*2/(-3). Let z = d + 12. List the prime factors of z.
3, 5, 7
Let d(g) = 50*g**2 + 15*g - 80. Let j be d(5). Let u = j - 599. List the prime factors of u.
2, 17, 19
What are the prime factors of 21235 - 24/(17 - 5)?
17, 1249
Let h be (-24)/(-10) + 4*(-5)/50. What are the prime factors of 4/h - 5 - (-292 + 1)?
2, 3
Suppose 0 = -20*b + 158577 + 151867 - 45944. List the prime factors of b.
5, 23
Let w(k) = 67*k**2 + 13*k - 274. What are the prime factors of w(6)?
2, 277
Let k = -458 + -355. Let d = k - -485. Let v = -181 - d. What are the prime factors of v?
3, 7
Suppose 98422 = -18*o + 600064. List the prime factors of o.
29, 31
Let s = 5201 - -8052. List the prime factors of s.
29, 457
Let b(l) = -l**2 + l + 18. Let s be b(0). Suppose -s = -h + 47. Let z = h -